{"id":56,"date":"2022-03-03T09:13:52","date_gmt":"2022-03-03T09:13:52","guid":{"rendered":"https:\/\/www.paythunder.com\/?page_id=56"},"modified":"2025-08-01T08:33:51","modified_gmt":"2025-08-01T08:33:51","slug":"politica-de-privacidad","status":"publish","type":"page","link":"https:\/\/www.paythunder.com\/index.php\/politica-de-privacidad\/","title":{"rendered":"Pol\u00edtica de privacidad"},"content":{"rendered":"\n<p><strong>POLITICA DE PRIVACIDAD<\/strong><\/p>\n\n\n\n<ol class=\"wp-block-list\"><li><strong>INFORMACI\u00d3N AL USUARIO<\/strong><\/li><\/ol>\n\n\n\n<p><strong>PayThunder<\/strong>, como Responsable del Tratamiento, le informa que, seg\u00fan lo dispuesto en el Reglamento (UE) 2016\/679, de 27 de abril, (GDPR \/ RGPD) y en la L.O. 3\/2018, de 5 de diciembre, de protecci\u00f3n de datos y garant\u00eda de los derechos digitales (LOPDGDD), trataremos su datos tal y como reflejamos en la presente Pol\u00edtica de Privacidad.<\/p>\n\n\n\n<p>En esta Pol\u00edtica de Privacidad describimos c\u00f3mo recogemos sus datos personales y por qu\u00e9 los recogemos, qu\u00e9 hacemos con ellos, con qui\u00e9n los compartimos, c\u00f3mo los protegemos y sus opciones en cuanto al tratamiento de sus datos personales.<\/p>\n\n\n\n<p>Esta Pol\u00edtica se aplica al tratamiento de sus datos personales recogidos por la empresa para la prestaci\u00f3n de sus servicios. Si acepta las medidas de esta Pol\u00edtica, acepta que tratemos sus datos personales como se define en esta Pol\u00edtica.<\/p>\n\n\n\n<ol class=\"wp-block-list\" start=\"2\"><li><strong>CONTACTO<\/strong><\/li><\/ol>\n\n\n\n<p>Denominaci\u00f3n social:&nbsp;<strong>PayThunder SL<\/strong><\/p>\n\n\n\n<p>Nombre comercial:&nbsp;<strong>PayThunder<\/strong><\/p>\n\n\n\n<p>CIF: <strong>B56003593<\/strong><\/p>\n\n\n\n<p>Domicilio: <strong>Pje. del Balc\u00f3n de Lagartijo, 31 &#8211; 33, 14014 C\u00f3rdoba<\/strong><\/p>\n\n\n\n<p>Delegado de protecci\u00f3n de datos:&nbsp;<strong><a href=\"mailto:info@paythunder.com\">info@paythunder.com<\/a><\/strong><\/p>\n\n\n\n<ol class=\"wp-block-list\" start=\"3\"><li><strong>RECOGIDA Y TRATAMIENTO DE SUS DATOS PERSONALES<\/strong><\/li><\/ol>\n\n\n\n<p>Los tipos de datos que se pueden solicitar y tratar son datos de car\u00e1cter identificativo.<\/p>\n\n\n\n<p>Tambi\u00e9n recogemos de forma autom\u00e1tica datos sobre su visita a nuestro sitio web seg\u00fan se describe en la pol\u00edtica de cookies. Para obtener m\u00e1s informaci\u00f3n, consulta nuestra&nbsp;Pol\u00edtica de Cookies.<\/p>\n\n\n\n<p>Siempre que solicitemos sus datos personales, le informaremos con claridad de qu\u00e9 datos personales recogemos y con qu\u00e9 fin. En general, recogemos y tratamos sus datos personales con el prop\u00f3sito de:<\/p>\n\n\n\n<ul class=\"wp-block-list\"><li>Atender sus solicitudes de contacto.<\/li><li>Proporcionar informaci\u00f3n sobre nuestros servicios, productos, as\u00ed como informaci\u00f3n relevante y novedades en el sector.<\/li><li>Env\u00edo de comunicaciones.<\/li><\/ul>\n\n\n\n<ol class=\"wp-block-list\" start=\"4\"><li><strong>LEGITIMIDAD<\/strong><\/li><\/ol>\n\n\n\n<p>De acuerdo con la normativa de protecci\u00f3n de datos aplicable, sus datos personales podr\u00e1n tratarse siempre que:<\/p>\n\n\n\n<ul class=\"wp-block-list\"><li>Nos haya dado su consentimiento a los efectos del tratamiento. Por supuesto podr\u00e1 retirar su consentimiento en cualquier momento.<\/li><li>Por requerimiento legal.<\/li><li>Por existir un inter\u00e9s leg\u00edtimo que no se vea menoscabado por sus derechos de privacidad, como por ejemplo el env\u00edo de informaci\u00f3n comercial bien por suscripci\u00f3n a nuestra newsletter o por su condici\u00f3n de cliente.<\/li><li>Por ser necesaria para la prestaci\u00f3n de alguno de nuestros servicios en virtud de la relaci\u00f3n contractual entre usted y nosotros.<\/li><\/ul>\n\n\n\n<ol class=\"wp-block-list\" start=\"6\"><li><strong>COMUNICACI\u00d3N DE DATOS PERSONALES<\/strong><\/li><\/ol>\n\n\n\n<p><strong>PayThunder<\/strong>&nbsp;no ceder\u00e1 sus datos personales a terceros, salvo que sea obligatoria su cesi\u00f3n por una ley, o porque exista un pacto previo al respecto que la legitime.<\/p>\n\n\n\n<ol class=\"wp-block-list\" start=\"7\"><li><strong>DERECHOS DEL USUARIO Y CONTACTO<\/strong><\/li><\/ol>\n\n\n\n<p>En relaci\u00f3n con la recogida y tratamiento de sus datos personales, puede ponerse en contacto con nosotros en cualquier momento para:<\/p>\n\n\n\n<ul class=\"wp-block-list\"><li>Acceder a sus datos personales y a cualquier otra informaci\u00f3n indicada en el Art\u00edculo 15.1 del RGPD.<\/li><li>Rectificar sus datos personales que sean inexactos o est\u00e9n incompletos de acuerdo con el Art\u00edculo 16 del RGPD.<\/li><li>Suprimir sus datos personales de acuerdo con el Art\u00edculo 17 del RGPD.<\/li><li>Limitar el tratamiento de sus datos personales de acuerdo con el Art\u00edculo 18 del RGPD.<\/li><li>Solicitar la portabilidad de sus datos de acuerdo con el Art\u00edculo 20 del RGPD.<\/li><li>Oponerse al tratamiento de sus datos personales de acuerdo con el art\u00edculo 21 del RGPD.<\/li><\/ul>\n\n\n\n<p>Si ha otorgado su consentimiento para alguna finalidad concreta, tiene derecho a retirar el consentimiento otorgado en cualquier momento, sin que ello afecte a la licitud del tratamiento basado en el consentimiento previo a su retirada<\/p>\n\n\n\n<p>Puede ejercer estos derechos enviando comunicaci\u00f3n, motivada y acreditada, a\u00a0<a href=\"mailto:contacto@curveturecordoba.com\"><strong><a href=\"mailto:info@paythunder.com\">info@paythunder.com<\/a><\/strong><\/a>.<\/p>\n\n\n\n<p>Tambi\u00e9n tiene derecho a presentar una reclamaci\u00f3n ante la Autoridad de control competente (<a href=\"https:\/\/ceporros.com\/\">www.aepd.es<\/a>) si considera que el tratamiento no se ajusta a la normativa vigente.<\/p>\n\n\n\n<ol class=\"wp-block-list\" start=\"8\"><li><strong>CAMBIOS EN LA POL\u00cdTICA DE PRIVACIDAD Y DE COOKIES.<\/strong><\/li><\/ol>\n\n\n\n<p>El contenido de nuestro sitio web y nuestra forma de utilizar las Cookies est\u00e1n sujetos a revisiones peri\u00f3dicas y modificaciones. Por consiguiente, nuestra Pol\u00edtica de Privacidad y de Cookies podr\u00eda experimentar modificaciones en el futuro. Si se diera el caso, actualizaremos la fecha de la \u00faltima modificaci\u00f3n. Cuando los cambios a realizar sean sustanciales, lo indicaremos claramente en el sitio web.<\/p>\n\n\n\n<p>Pol\u00edtica de privacidad actualizada el 22 de Diciembre de 2021.<\/p>\n","protected":false},"excerpt":{"rendered":"<p>POLITICA DE PRIVACIDAD INFORMACI\u00d3N AL USUARIO PayThunder, como Responsable del Tratamiento, le informa que, seg\u00fan lo dispuesto en el Reglamento (UE) 2016\/679, de 27 de abril, (GDPR \/ RGPD) y en la L.O. 3\/2018, de 5 de diciembre, de protecci\u00f3n de datos y garant\u00eda de los derechos digitales (LOPDGDD), trataremos su datos tal y como&hellip; <br \/> <a class=\"read-more\" href=\"https:\/\/www.paythunder.com\/index.php\/politica-de-privacidad\/\">Read more<\/a><\/p>\n","protected":false},"author":1,"featured_media":0,"parent":0,"menu_order":0,"comment_status":"closed","ping_status":"closed","template":"","meta":{"footnotes":""},"class_list":["post-56","page","type-page","status-publish","hentry"],"yoast_head":"<!-- This site is optimized with the Yoast SEO plugin v19.5.1 - https:\/\/yoast.com\/wordpress\/plugins\/seo\/ -->\n<title>Pol\u00edtica de privacidad - PayThunder<\/title>\n<meta name=\"robots\" content=\"index, follow, max-snippet:-1, max-image-preview:large, max-video-preview:-1\" \/>\n<link rel=\"canonical\" href=\"https:\/\/www.paythunder.com\/index.php\/politica-de-privacidad\/\" \/>\n<meta property=\"og:locale\" content=\"es_ES\" \/>\n<meta property=\"og:type\" content=\"article\" \/>\n<meta property=\"og:title\" content=\"Pol\u00edtica de privacidad - PayThunder\" \/>\n<meta property=\"og:description\" content=\"POLITICA DE PRIVACIDAD INFORMACI\u00d3N AL USUARIO PayThunder, como Responsable del Tratamiento, le informa que, seg\u00fan lo dispuesto en el Reglamento (UE) 2016\/679, de 27 de abril, (GDPR \/ RGPD) y en la L.O. 3\/2018, de 5 de diciembre, de protecci\u00f3n de datos y garant\u00eda de los derechos digitales (LOPDGDD), trataremos su datos tal y como&hellip; Read more\" \/>\n<meta property=\"og:url\" content=\"https:\/\/www.paythunder.com\/index.php\/politica-de-privacidad\/\" \/>\n<meta property=\"og:site_name\" content=\"PayThunder\" \/>\n<meta property=\"article:publisher\" content=\"https:\/\/www.facebook.com\/PayThunderCom\/\" \/>\n<meta property=\"article:modified_time\" content=\"2025-08-01T08:33:51+00:00\" \/>\n<meta name=\"twitter:card\" content=\"summary_large_image\" \/>\n<meta name=\"twitter:site\" content=\"@paythunder\" \/>\n<meta name=\"twitter:label1\" content=\"Tiempo de lectura\" \/>\n\t<meta name=\"twitter:data1\" content=\"4 minutos\" \/>\n<script type=\"application\/ld+json\" class=\"yoast-schema-graph\">{\"@context\":\"https:\/\/schema.org\",\"@graph\":[{\"@type\":\"WebPage\",\"@id\":\"https:\/\/www.paythunder.com\/index.php\/politica-de-privacidad\/\",\"url\":\"https:\/\/www.paythunder.com\/index.php\/politica-de-privacidad\/\",\"name\":\"Pol\u00edtica de privacidad - PayThunder\",\"isPartOf\":{\"@id\":\"http:\/\/www.paythunder.com\/#website\"},\"datePublished\":\"2022-03-03T09:13:52+00:00\",\"dateModified\":\"2025-08-01T08:33:51+00:00\",\"breadcrumb\":{\"@id\":\"https:\/\/www.paythunder.com\/index.php\/politica-de-privacidad\/#breadcrumb\"},\"inLanguage\":\"es\",\"potentialAction\":[{\"@type\":\"ReadAction\",\"target\":[\"https:\/\/www.paythunder.com\/index.php\/politica-de-privacidad\/\"]}]},{\"@type\":\"BreadcrumbList\",\"@id\":\"https:\/\/www.paythunder.com\/index.php\/politica-de-privacidad\/#breadcrumb\",\"itemListElement\":[{\"@type\":\"ListItem\",\"position\":1,\"name\":\"Portada\",\"item\":\"http:\/\/www.paythunder.com\/\"},{\"@type\":\"ListItem\",\"position\":2,\"name\":\"Pol\u00edtica de privacidad\"}]},{\"@type\":\"WebSite\",\"@id\":\"http:\/\/www.paythunder.com\/#website\",\"url\":\"http:\/\/www.paythunder.com\/\",\"name\":\"PayThunder\",\"description\":\"\",\"publisher\":{\"@id\":\"http:\/\/www.paythunder.com\/#organization\"},\"potentialAction\":[{\"@type\":\"SearchAction\",\"target\":{\"@type\":\"EntryPoint\",\"urlTemplate\":\"http:\/\/www.paythunder.com\/?s={search_term_string}\"},\"query-input\":\"required name=search_term_string\"}],\"inLanguage\":\"es\"},{\"@type\":\"Organization\",\"@id\":\"http:\/\/www.paythunder.com\/#organization\",\"name\":\"PayThunder S.L.\",\"url\":\"http:\/\/www.paythunder.com\/\",\"sameAs\":[\"https:\/\/www.instagram.com\/paythunder_es\/?hl=es\",\"https:\/\/www.facebook.com\/PayThunderCom\/\",\"https:\/\/twitter.com\/paythunder\"],\"logo\":{\"@type\":\"ImageObject\",\"inLanguage\":\"es\",\"@id\":\"http:\/\/www.paythunder.com\/#\/schema\/logo\/image\/\",\"url\":\"https:\/\/www.paythunder.com\/wp-content\/uploads\/2022\/03\/paythunder_logo_RGB-01.png\",\"contentUrl\":\"https:\/\/www.paythunder.com\/wp-content\/uploads\/2022\/03\/paythunder_logo_RGB-01.png\",\"width\":1819,\"height\":368,\"caption\":\"PayThunder S.L.\"},\"image\":{\"@id\":\"http:\/\/www.paythunder.com\/#\/schema\/logo\/image\/\"}}]}<\/script>\n<!-- \/ Yoast SEO plugin. -->","yoast_head_json":{"title":"Pol\u00edtica de privacidad - PayThunder","robots":{"index":"index","follow":"follow","max-snippet":"max-snippet:-1","max-image-preview":"max-image-preview:large","max-video-preview":"max-video-preview:-1"},"canonical":"https:\/\/www.paythunder.com\/index.php\/politica-de-privacidad\/","og_locale":"es_ES","og_type":"article","og_title":"Pol\u00edtica de privacidad - PayThunder","og_description":"POLITICA DE PRIVACIDAD INFORMACI\u00d3N AL USUARIO PayThunder, como Responsable del Tratamiento, le informa que, seg\u00fan lo dispuesto en el Reglamento (UE) 2016\/679, de 27 de abril, (GDPR \/ RGPD) y en la L.O. 3\/2018, de 5 de diciembre, de protecci\u00f3n de datos y garant\u00eda de los derechos digitales (LOPDGDD), trataremos su datos tal y como&hellip; Read more","og_url":"https:\/\/www.paythunder.com\/index.php\/politica-de-privacidad\/","og_site_name":"PayThunder","article_publisher":"https:\/\/www.facebook.com\/PayThunderCom\/","article_modified_time":"2025-08-01T08:33:51+00:00","twitter_card":"summary_large_image","twitter_site":"@paythunder","twitter_misc":{"Tiempo de lectura":"4 minutos"},"schema":{"@context":"https:\/\/schema.org","@graph":[{"@type":"WebPage","@id":"https:\/\/www.paythunder.com\/index.php\/politica-de-privacidad\/","url":"https:\/\/www.paythunder.com\/index.php\/politica-de-privacidad\/","name":"Pol\u00edtica de privacidad - PayThunder","isPartOf":{"@id":"http:\/\/www.paythunder.com\/#website"},"datePublished":"2022-03-03T09:13:52+00:00","dateModified":"2025-08-01T08:33:51+00:00","breadcrumb":{"@id":"https:\/\/www.paythunder.com\/index.php\/politica-de-privacidad\/#breadcrumb"},"inLanguage":"es","potentialAction":[{"@type":"ReadAction","target":["https:\/\/www.paythunder.com\/index.php\/politica-de-privacidad\/"]}]},{"@type":"BreadcrumbList","@id":"https:\/\/www.paythunder.com\/index.php\/politica-de-privacidad\/#breadcrumb","itemListElement":[{"@type":"ListItem","position":1,"name":"Portada","item":"http:\/\/www.paythunder.com\/"},{"@type":"ListItem","position":2,"name":"Pol\u00edtica de privacidad"}]},{"@type":"WebSite","@id":"http:\/\/www.paythunder.com\/#website","url":"http:\/\/www.paythunder.com\/","name":"PayThunder","description":"","publisher":{"@id":"http:\/\/www.paythunder.com\/#organization"},"potentialAction":[{"@type":"SearchAction","target":{"@type":"EntryPoint","urlTemplate":"http:\/\/www.paythunder.com\/?s={search_term_string}"},"query-input":"required name=search_term_string"}],"inLanguage":"es"},{"@type":"Organization","@id":"http:\/\/www.paythunder.com\/#organization","name":"PayThunder S.L.","url":"http:\/\/www.paythunder.com\/","sameAs":["https:\/\/www.instagram.com\/paythunder_es\/?hl=es","https:\/\/www.facebook.com\/PayThunderCom\/","https:\/\/twitter.com\/paythunder"],"logo":{"@type":"ImageObject","inLanguage":"es","@id":"http:\/\/www.paythunder.com\/#\/schema\/logo\/image\/","url":"https:\/\/www.paythunder.com\/wp-content\/uploads\/2022\/03\/paythunder_logo_RGB-01.png","contentUrl":"https:\/\/www.paythunder.com\/wp-content\/uploads\/2022\/03\/paythunder_logo_RGB-01.png","width":1819,"height":368,"caption":"PayThunder S.L."},"image":{"@id":"http:\/\/www.paythunder.com\/#\/schema\/logo\/image\/"}}]}},"_links":{"self":[{"href":"https:\/\/www.paythunder.com\/index.php\/wp-json\/wp\/v2\/pages\/56","targetHints":{"allow":["GET"]}}],"collection":[{"href":"https:\/\/www.paythunder.com\/index.php\/wp-json\/wp\/v2\/pages"}],"about":[{"href":"https:\/\/www.paythunder.com\/index.php\/wp-json\/wp\/v2\/types\/page"}],"author":[{"embeddable":true,"href":"https:\/\/www.paythunder.com\/index.php\/wp-json\/wp\/v2\/users\/1"}],"replies":[{"embeddable":true,"href":"https:\/\/www.paythunder.com\/index.php\/wp-json\/wp\/v2\/comments?post=56"}],"version-history":[{"count":5,"href":"https:\/\/www.paythunder.com\/index.php\/wp-json\/wp\/v2\/pages\/56\/revisions"}],"predecessor-version":[{"id":437,"href":"https:\/\/www.paythunder.com\/index.php\/wp-json\/wp\/v2\/pages\/56\/revisions\/437"}],"wp:attachment":[{"href":"https:\/\/www.paythunder.com\/index.php\/wp-json\/wp\/v2\/media?parent=56"}],"curies":[{"name":"wp","href":"https:\/\/api.w.org\/{rel}","templated":true}]}}